 Let r(q) = q**2 + 82. Let k(t) = -7*h(t) + 2*r(t). Let c be k(-6). Let p = 56 - c. What is the remainder when 32 is divided by p?
5
Suppose 0 = -2*y + 11 + 1. Let o be -2 + (y/24)/(1/788). Let s = o + -103. What is the remainder when s is divided by 19?
16
Suppose -33 = -a + 3. Let y be 5/3 - (-12)/a. Suppose -y*n + 13 + 25 = 0. Calculate the remainder when 50 is divided by n.
12
Suppose 0 = -5*r + 2*s + 8, 2*s - 12 = 4*r - 9*r. Suppose r*u + 195 = 405. Calculate the remainder when u is divided by 32.
9
Let i(b) = -b**2 + 96*b - 215. What is the remainder when 1366 is divided by i(21)?
6
Let r(x) = -x**2 + 59*x + 1301. What is the remainder when 530 is divided by r(76)?
8
Let c(f) = 52*f**2 + 108*f - 314. Calculate the remainder when c(3) is divided by 4.
2
Let a(j) = 17*j - 182. Let r be a(11). Let p = 107 + r. What is the remainder when p is divided by 61?
51
Let j = 18838 + -18689. Calculate the remainder when 311 is divided by j.
13
Let p = 11321 - 11262. What is the remainder when 3183 is divided by p?
56
Let r = -314954 + 314958. Suppose -19 = -2*o - 5. What is the remainder when o is divided by r?
3
Suppose -23*d - 4816 + 13992 = -5291. Calculate the remainder when d is divided by 26.
5
Suppose 4*p + 5*x - 93 = -0*x, 2*x - 24 = -p. Suppose -25*g + 24 = -p*g. What is the remainder when 11 is divided by g?
3
Suppose -p = y - 22, 35 = -0*y + 2*y + 5*p. Let c = -45403 + 45414. Calculate the remainder when y is divided by c.
3
Let b(v) = -v**3 + 97*v**2 - 27*v + 2726. What is the remainder when 2025 is divided by b(97)?
99
Let b(z) = -236*z - 103. What is the remainder when 141 is divided by b(-1)?
8
Suppose 0 = -3*w + 43*w + 42*w - 42148. Calculate the remainder when w is divided by 62.
18
What is the remainder when (-7)/21 + (-6584)/(-24) is divided by 242?
32
Suppose 3*g - 1059 = -2*s, 0 = -g + 4*s + 225 + 100. What is the remainder when 1400 is divided by g?
4
Suppose 0 = 4*u - 324 + 116. Let c(r) = 5*r + 1. Let b be c(2). Suppose b*h - 7*h = 24. Calculate the remainder when u is divided by h.
4
Let l be (-6)/8 - (-15 - (-208)/64). Suppose -17*b = l*b - 5908. What is the remainder when b is divided by 37?
26
Suppose 5474 = 246*i - 15436. Calculate the remainder when 97 is divided by i.
12
What is the remainder when ((-64)/(-6))/(-2)*(10 - 166) - -7 is divided by 146?
109
Suppose -4*n = -7*n + 6, 3*n - 154 = -4*w. What is the remainder when (330 - 105) + -1*4 is divided by w?
36
Suppose 5*y - v = 1372, -10*y - v + 1085 = -6*y. Calculate the remainder when 1357 is divided by y.
265
Let y(c) = c**2 + 19*c + 36. Let x be y(-17). Let j = 99 - x. What is the remainder when j is divided by 52?
45
Let k(i) = -199*i - 975. What is the remainder when 657 is divided by k(-5)?
17
Let a = -602 + 634. Suppose -9*g - 3680 = -a*g. Calculate the remainder when g is divided by 23.
22
Let u(j) = j**3 + 5*j**2 - 373*j - 1484. Let y = 645 - 432. Calculate the remainder when y is divided by u(-4).
21
Suppose -816*i + 109706 = -797*i. Calculate the remainder when i is divided by 17.
11
Suppose -v + 5*v = k - 10, 0 = -3*v + 6. Let f = 828 + -774. Suppose f*l + 2059 = 83*l. Calculate the remainder when l is divided by k.
17
Suppose -5*v + 94 = -5*d + 939, -5*v + 5 = 0. Suppose -30*b = -35*b - d. Let c = b - -39. Calculate the remainder when 24 is divided by c.
4
Let y(u) = 49*u**3 + 22*u**2 - 34*u + 3. Calculate the remainder when 2853 is divided by y(3).
9
Let j(o) = -9*o - 2*o**2 - o**3 + o**2 - 5*o**2 - 2*o**2. Suppose -g = 4*g + 4*b + 51, -3*b - 33 = 3*g. What is the remainder when 26 is divided by j(g)?
12
Let l = 1169 + -371. Calculate the remainder when l is divided by 47.
46
Let r be (-4 - 229) + (6 - (0 - -2)). Let l = 271 + r. What is the remainder when l is divided by 19?
4
Suppose 22*r - 4855 - 4019 = 366. Calculate the remainder when r is divided by 400.
20
Suppose 15 = 3*z, z + 161 = 4*v - 118. Calculate the remainder when 191 is divided by v.
49
Suppose -t - 4*t + 435 = -5*m, -5*m + 111 = t. What is the remainder when t is divided by (-37 + 1775/75)*6/(-5)?
11
Let b = -26308 + 26321. Calculate the remainder when 1174 is divided by b.
4
Suppose -16*y = -20*y + 20. Let a = -395 - -399. What is the remainder when y is divided by a?
1
Suppose -13*t + 10*t - 2*n = 7, -n - 11 = 3*t. Let z(v) = -v**3 - v**2 - 4*v - 16. What is the remainder when z(t) is divided by 15?
14
Let q(h) = -h**2 + 8*h - 5. Let c be q(5). What is the remainder when (c + 136/(-16))*46/3 is divided by 4?
3
Suppose 7*k - 4*k = 933. Suppose 282*a - 286 = 532*a - 272*a. Calculate the remainder when k is divided by a.
12
Let h = -12062 + 12398. Calculate the remainder when h is divided by 41.
8
Calculate the remainder when (20 - (-2230)/2) + 8 is divided by 125.
18
Suppose 0 = -4190*s + 4193*s - 42. What is the remainder when 807 is divided by s?
9
Let t be -1 + (-18)/(-8) - 18/(-24). What is the remainder when 34 is divided by 6/(-6) - (-11 + t)?
2
Suppose -6 = 11*x - 127. Suppose 0 = 23*h - x*h - 708. What is the remainder when 107 is divided by h?
48
Suppose -2*s + 3*s - k - 11588 = 0, -9*k = -2*s + 23120. What is the remainder when s is divided by 116?
112
Let u = 268 - 256. Suppose u*d - 5*d = 7. What is the remainder when 36 is divided by d?
0
Let q = 80 - -8. Let r be (7 - 2)*43/(-5)*-2. Let z = r + -73. What is the remainder when q is divided by z?
10
Suppose 5*m - 250 = 365. What is the remainder when m is divided by 75?
48
Suppose -28*r - 61*r + 746 = 301. Suppose -1 = -2*g + 7. Calculate the remainder when 5/4*(8 - g) is divided by r.
0
Let g(z) = -67*z - 17. Let i be g(-3). What is the remainder when i/((-5)/(-3) + 18/54) is divided by 16?
12
Let x = -46 - -25. Let f = x + 28. Suppose 2*z = 2*b + 124, f*z + b = 6*z + 68. What is the remainder when z is divided by 22?
21
Let w(f) = -2*f**2 + 131*f + 957. What is the remainder when 2641 is divided by w(72)?
16
Suppose -5*v + 144 + 151 = 0. Calculate the remainder when v is divided by (-20)/(20/(-2)) - (-2 - 38)/4.
11
Let x = 54 + -51. Let m be (-4 - (-16)/4)/(-2). Suppose -l + 61 = -x*y - 16, m = 5*l - 2*y - 372. What is the remainder when l is divided by 13?
9
Suppose -14*v + 56 = 14*v. Suppose -12 = 4*m, -4*z - 7 = -5*z - v*m. What is the remainder when z is divided by 11?
2
Suppose -49 + 13 = -3*w. Suppose w*i - 4*d + 692 = 16*i, 713 = 4*i - 3*d. Calculate the remainder when i is divided by 37.
28
Suppose 0 = -18*t + 14*t + 3*i + 263, -99 = -2*t - 5*i. Calculate the remainder when t is divided by 26.
10
Suppose -3*u - 3*r - 1 = -55, 0 = 5*u - r - 72. Suppose -4*k = k - u. What is the remainder when 129 is divided by (-4 + k - -1)/2 + 33?
30
Suppose 10 = u + 1. Suppose -u*i + 39 = -42. Suppose i*f + 0*f = 927. Calculate the remainder when f is divided by 53.
50
What is the remainder when 535 is divided by -3*(-10 - (545/15 - -8))?
46
Suppose -34 + 88 = 9*f. Suppose 3*y = f*y - 258. Calculate the remainder when y is divided by (-1 + 0)*-23*1.
17
Let o be (114/(-18))/((-58)/(-30) - 2). Let z = 128 - o. Let p = 26 + z. Calculate the remainder when p is divided by 12.
11
Suppose -3*o + 789 = 2*l + 774, 0 = l + 4*o + 10. Calculate the remainder when 3786 is divided by l.
6
Let s be 20/3*5076/(-90). Let f = 405 + s. Calculate the remainder when f is divided by 27.
2
Let c be ((-6)/(-14))/(2/14). Suppose f - 16 = -c*l + 2, -4*f = 4*l - 24. Let n = 1499 + -1478. Calculate the remainder when n is divided by l.
3
Suppose 0 = w + m - 1082, 2*w + 406 = 3*m + 2570. What is the remainder when w is divided by 1?
0
Let y(i) = 3*i**2 - 2*i + 1. Let t be y(1). What is the remainder when 11/(-1 + t)*1 is divided by (5/2)/1*(-19)/1045*-176?
3
Suppose 15*u + 77 = -28. Let q(s) = s**3 + 8*s**2 + 7*s + 4. Let i be q(u). Suppose 54 = i*w + 14. Calculate the remainder when 28 is divided by w.
8
Suppose -4*r + 0*s + s = -50, -s = 5*r - 58. Suppose 768 = r*g - 10*g. Calculate the remainder when g is divided by 43.
40
Suppose 4*x = a - 1423, -a - 5650 = -5*a - 5*x. Calculate the remainder when a is divided by 20.
15
What is the remainder when 2/12 + (164030/60 - 10) is divided by 39?
33
Suppose -346*x + 1475576 = -177612. Calculate the remainder when x is divided by 61.
20
Let l = -45 + 30. Let f = -48 - l. Let g = f - -45. What is the remainder